{"id":74,"date":"2016-05-11T01:20:38","date_gmt":"2016-05-10T23:20:38","guid":{"rendered":"http:\/\/diecezja.bielsko.pl\/dla-mlodych\/?page_id=74"},"modified":"2016-05-11T01:33:55","modified_gmt":"2016-05-10T23:33:55","slug":"wspolnoty-mlodziezowe","status":"publish","type":"page","link":"https:\/\/diecezja.bielsko.pl\/dla-mlodych\/wspolnoty-mlodziezowe\/","title":{"rendered":"Wsp\u00f3lnoty m\u0142odzie\u017cowe"},"content":{"rendered":"<h4><img loading=\"lazy\" decoding=\"async\" class=\"alignnone size-full wp-image-76\" src=\"http:\/\/diecezja.bielsko.pl\/dla-mlodych\/wp-content\/uploads\/sites\/2\/2016\/05\/wspolnoty_mlodziezowe_b.jpg\" alt=\"wspolnoty_mlodziezowe_b\" width=\"1250\" height=\"388\" srcset=\"https:\/\/diecezja.bielsko.pl\/dla-mlodych\/wp-content\/uploads\/sites\/2\/2016\/05\/wspolnoty_mlodziezowe_b.jpg 1250w, https:\/\/diecezja.bielsko.pl\/dla-mlodych\/wp-content\/uploads\/sites\/2\/2016\/05\/wspolnoty_mlodziezowe_b-600x186.jpg 600w, https:\/\/diecezja.bielsko.pl\/dla-mlodych\/wp-content\/uploads\/sites\/2\/2016\/05\/wspolnoty_mlodziezowe_b-1140x354.jpg 1140w, https:\/\/diecezja.bielsko.pl\/dla-mlodych\/wp-content\/uploads\/sites\/2\/2016\/05\/wspolnoty_mlodziezowe_b-300x93.jpg 300w\" sizes=\"auto, (max-width: 1250px) 100vw, 1250px\" \/><\/h4>\n<h3><\/h3>\n<h3>Duszpasterstwo harcerek i harcerzy<\/h3>\n<hr \/>\n<p>Duszpasterstwo harcerek i harcerzy troszczy si\u0119 o rozw\u00f3j duchowy i religijny dzieci, m\u0142odzie\u017cy i starszyzny harcerskiej. Dzia\u0142aj\u0105c w oparciu o metod\u0119 harcersk\u0105, obejmuje hufce Zwi\u0105zku Harcerstwa Polskiego i Zwi\u0105zku Harcerstwa Rzeczypospolitej funkcjonuj\u0105ce na terenie Diecezji Bielsko-\u017bywieckiej. Diecezjalnym duszpasterzem harcerzy jest ks. phm. Tomasz Chrzan.<\/p>\n<h4><\/h4>\n<h3>Dzieci Maryi<\/h3>\n<hr \/>\n<p>Ka\u017cdy z nas jest Dzieckiem Maryi, bo dla ka\u017cdego z nas Maryja jest Matk\u0105. To wielki dar i wielkie wyr\u00f3\u017cnienie. Jej matczyne r\u0119ce chc\u0105 nieustannie przytula\u0107 nas do swojego serca. Wystarczy tylko do Niej podej\u015b\u0107\u2026dlatego chcemy u\u0142atwi\u0107 wszystkim dzieciom podej\u015b\u0107 do naszej Mamusi i dlatego w naszej Diecezji tworzymy wsp\u00f3lnot\u0119 Dzieci Maryi.<\/p>\n<p><a href=\"http:\/\/www.dziecimaryi.duszpasterstwa.bielsko.pl\/\" target=\"_blank\">www.dziecimaryi.duszpasterstwa.bielsko.pl<\/a><\/p>\n<h4><\/h4>\n<h3>Ruch \u015awiat\u0142o-\u017bycie<\/h3>\n<hr \/>\n<p>Ruch \u015awiat\u0142o \u2013 \u017bycie to wsp\u00f3lnota ludzi, kt\u00f3rzy chc\u0105 razem i\u015b\u0107 drogami wiary. Gromadzi wszystkich: dzieci, m\u0142odzie\u017c, doros\u0142ych, rodziny, ksi\u0119\u017cy, zakonnik\u00f3w i\u00a0zakonnice\u2026 Jeste\u015bmy obecni w ponad 50 parafiach naszej diecezji, wi\u0119c ka\u017cdy mo\u017ce nas znale\u017a\u0107. Naszym za\u0142o\u017cycielem jest S\u0142uga Bo\u017cy ks. Franciszek Blachnicki. Nasz znak to greckie s\u0142owa fos \u2013 dzoe (\u015bwiat\u0142o \u2013 \u017cycie) wpisane w krzy\u017c. Wyra\u017ca on nasze pragnienie, by \u015bwiat\u0142o Bo\u017ce przemienia\u0142o nasze \u017cycie, by nasza wiara nie by\u0142a tylko zbiorem wiadomo\u015bci o Bogu, ale \u017cywym spotkaniem z Jezusem. Litera \u201eomega\u201d na skrzy\u017cowaniu tych s\u0142\u00f3w symbolizuje Ducha \u015awi\u0119tego, kt\u00f3ry prowadzi nas drogami wiary. W Ruchu \u015awiat\u0142o \u2013 \u017bycie tworzymy wsp\u00f3lnoty parafialne, w kt\u00f3rych spotykamy si\u0119 w ci\u0105gu roku. W ramach tych wsp\u00f3lnot szczeg\u00f3lnie wa\u017cne s\u0105 ma\u0142e grupy \u2013 miejsca formacji, czyli wzrastania w wierze. Drugi z filar\u00f3w to rekolekcje wakacyjne, tzw. Oazy \u2013 wyj\u0105tkowy, pi\u0119kny czas budowania przyja\u017ani z Panem i z lud\u017ami.<\/p>\n<p>Zapraszamy wszystkich!<\/p>\n<p>Chcesz wiedzie\u0107 wi\u0119cej? Odwied\u017a nas:<br \/>\n<a href=\"http:\/\/www.wruchu.oaza.pl\/\" target=\"_blank\">www.wruchu.oaza.pl<\/a>\u00a0\u2013 najwa\u017cniejsze wiadomo\u015bci o\u00a0Ruchu \u015awiat\u0142o \u2013 \u017bycie<br \/>\n<a href=\"http:\/\/www.oaza.pl\/\" target=\"_blank\">www.oaza.pl<\/a>\u00a0\u2013 og\u00f3lnopolska strona Ruchu \u015awiat\u0142o \u2013 \u017bycie<br \/>\n<a href=\"http:\/\/www.bielskozywiec.oaza.pl\/\" target=\"_blank\">www.bielskozywiec.oaza.pl<\/a>\u00a0\u2013 Ruch\u00a0\u00a0\u015awiat\u0142o \u2013 \u017bycie w diecezji<\/p>\n<h4><\/h4>\n<h3>Katolickie Stowarzyszenie M\u0142odzie\u017cy<\/h3>\n<hr \/>\n<p>Katolickie Stowarzyszeniu M\u0142odzie\u017cy\u00a0zrzesza m\u0142odych ludzi w\u00a0wieku od 14 do 30 lat, pragn\u0105cych tw\u00f3rczo i\u00a0aktywnie wykorzysta\u0107 swoj\u0105 m\u0142odo\u015b\u0107. KSM to tak\u017ce najlepszy spos\u00f3b, by odnale\u017a\u0107 swoje miejsce nie tylko w grupie r\u00f3wie\u015bnik\u00f3w w szkole b\u0105d\u017a parafii, ale w\u00a0Stowarzyszeniu tworz\u0105cym w Polsce jedn\u0105 wielk\u0105 rodzin\u0119. Rodzin\u0119 ludzi m\u0142odych, gotowych ca\u0142ym swoim \u017cyciem\u00a0\u201es\u0142u\u017cy\u0107 Bogu, Ko\u015bcio\u0142owi i Ojczy\u017anie\u201d.\u00a0 KSM zosta\u0142o powo\u0142ane do \u017cycia dekretem Episkopatu Polski. Posiada osobowo\u015b\u0107 prawn\u0105 ko\u015bcieln\u0105 i cywiln\u0105.<\/p>\n<p>Wi\u0119cej informacji:<\/p>\n<p><a href=\"http:\/\/www.ksm.org.pl\/\" target=\"_blank\">www.ksm.org.pl<\/a><\/p>\n<p><a href=\"http:\/\/www.ksm.diecezja.bielsko.pl\/\" target=\"_blank\">www.ksm.diecezja.bielsko.pl<\/a><\/p>\n","protected":false},"excerpt":{"rendered":"<p>Duszpasterstwo harcerek i harcerzy Duszpasterstwo harcerek i harcerzy troszczy si\u0119 o rozw\u00f3j duchowy i religijny dzieci, m\u0142odzie\u017cy i starszyzny harcerskiej. Dzia\u0142aj\u0105c w oparciu o metod\u0119 harcersk\u0105, obejmuje hufce Zwi\u0105zku Harcerstwa Polskiego i Zwi\u0105zku Harcerstwa Rzeczypospolitej funkcjonuj\u0105ce na terenie Diecezji Bielsko-\u017bywieckiej. Diecezjalnym duszpasterzem harcerzy jest ks. phm. Tomasz Chrzan. Dzieci Maryi [&hellip;]<\/p>\n","protected":false},"author":2,"featured_media":0,"parent":0,"menu_order":0,"comment_status":"closed","ping_status":"closed","template":"","meta":{"footnotes":""},"class_list":["post-74","page","type-page","status-publish","hentry"],"_links":{"self":[{"href":"https:\/\/diecezja.bielsko.pl\/dla-mlodych\/wp-json\/wp\/v2\/pages\/74","targetHints":{"allow":["GET"]}}],"collection":[{"href":"https:\/\/diecezja.bielsko.pl\/dla-mlodych\/wp-json\/wp\/v2\/pages"}],"about":[{"href":"https:\/\/diecezja.bielsko.pl\/dla-mlodych\/wp-json\/wp\/v2\/types\/page"}],"author":[{"embeddable":true,"href":"https:\/\/diecezja.bielsko.pl\/dla-mlodych\/wp-json\/wp\/v2\/users\/2"}],"replies":[{"embeddable":true,"href":"https:\/\/diecezja.bielsko.pl\/dla-mlodych\/wp-json\/wp\/v2\/comments?post=74"}],"version-history":[{"count":0,"href":"https:\/\/diecezja.bielsko.pl\/dla-mlodych\/wp-json\/wp\/v2\/pages\/74\/revisions"}],"wp:attachment":[{"href":"https:\/\/diecezja.bielsko.pl\/dla-mlodych\/wp-json\/wp\/v2\/media?parent=74"}],"curies":[{"name":"wp","href":"https:\/\/api.w.org\/{rel}","templated":true}]}}